{"id":5957,"date":"2021-10-20T11:23:12","date_gmt":"2021-10-20T09:23:12","guid":{"rendered":"https:\/\/www.cafelicita.com\/territorio\/como\/"},"modified":"2024-03-22T10:59:53","modified_gmt":"2024-03-22T09:59:53","slug":"como","status":"publish","type":"territorio","link":"https:\/\/www.cafelicita.com\/fr\/territorio\/como\/","title":{"rendered":"Como"},"content":{"rendered":"<p>La citt\u00e0 di Como, una delle pi\u00f9 note della Lombardia, abbraccia la conca del Lago ed \u00e8 famosa per l&rsquo;industria della seta. Circondata da antiche mura medioevali ben conservate, la citt\u00e0 \u00e8 arricchita da numerosi monumenti, ricordi di epoche passate, oggi in armonia tra loro. Como \u00e8 perfetta per lo shopping, per la visita a mostre in famose ville sul Lago o semplicemente per passeggiate indimenticabili sul lungolago.<\/p>\n","protected":false},"featured_media":273,"parent":0,"template":"","tipologia":[54],"class_list":["post-5957","territorio","type-territorio","status-publish","has-post-thumbnail","hentry","tipologia-localita-fr"],"acf":[],"yoast_head":"<!-- This site is optimized with the Yoast SEO plugin v27.4 - https:\/\/yoast.com\/product\/yoast-seo-wordpress\/ -->\n<title>Como - Cafelicita Residence, casa vacanze sul lago di como<\/title>\n<meta name=\"robots\" content=\"index, follow, max-snippet:-1, max-image-preview:large, max-video-preview:-1\" \/>\n<link rel=\"canonical\" href=\"https:\/\/www.cafelicita.com\/fr\/territorio\/como\/\" \/>\n<meta property=\"og:locale\" content=\"fr_FR\" \/>\n<meta property=\"og:type\" content=\"article\" \/>\n<meta property=\"og:title\" content=\"Como - Cafelicita Residence, casa vacanze sul lago di como\" \/>\n<meta property=\"og:description\" content=\"La citt\u00e0 di Como, una delle pi\u00f9 note della Lombardia, abbraccia la [&hellip;]\" \/>\n<meta property=\"og:url\" content=\"https:\/\/www.cafelicita.com\/fr\/territorio\/como\/\" \/>\n<meta property=\"og:site_name\" content=\"Cafelicita\" \/>\n<meta property=\"article:modified_time\" content=\"2024-03-22T09:59:53+00:00\" \/>\n<meta property=\"og:image\" content=\"https:\/\/www.cafelicita.com\/wp-content\/uploads\/2021\/10\/como.jpg\" \/>\n\t<meta property=\"og:image:width\" content=\"1500\" \/>\n\t<meta property=\"og:image:height\" content=\"1125\" \/>\n\t<meta property=\"og:image:type\" content=\"image\/jpeg\" \/>\n<meta name=\"twitter:card\" content=\"summary_large_image\" \/>\n<meta name=\"twitter:label1\" content=\"Dur\u00e9e de lecture estim\u00e9e\" \/>\n\t<meta name=\"twitter:data1\" content=\"1 minute\" \/>\n<script type=\"application\/ld+json\" class=\"yoast-schema-graph\">{\"@context\":\"https:\\\/\\\/schema.org\",\"@graph\":[{\"@type\":\"WebPage\",\"@id\":\"https:\\\/\\\/www.cafelicita.com\\\/fr\\\/territorio\\\/como\\\/\",\"url\":\"https:\\\/\\\/www.cafelicita.com\\\/fr\\\/territorio\\\/como\\\/\",\"name\":\"Como - Cafelicita Residence, casa vacanze sul lago di como\",\"isPartOf\":{\"@id\":\"https:\\\/\\\/www.cafelicita.com\\\/#website\"},\"primaryImageOfPage\":{\"@id\":\"https:\\\/\\\/www.cafelicita.com\\\/fr\\\/territorio\\\/como\\\/#primaryimage\"},\"image\":{\"@id\":\"https:\\\/\\\/www.cafelicita.com\\\/fr\\\/territorio\\\/como\\\/#primaryimage\"},\"thumbnailUrl\":\"https:\\\/\\\/www.cafelicita.com\\\/wp-content\\\/uploads\\\/2021\\\/10\\\/como.jpg\",\"datePublished\":\"2021-10-20T09:23:12+00:00\",\"dateModified\":\"2024-03-22T09:59:53+00:00\",\"breadcrumb\":{\"@id\":\"https:\\\/\\\/www.cafelicita.com\\\/fr\\\/territorio\\\/como\\\/#breadcrumb\"},\"inLanguage\":\"fr-FR\",\"potentialAction\":[{\"@type\":\"ReadAction\",\"target\":[\"https:\\\/\\\/www.cafelicita.com\\\/fr\\\/territorio\\\/como\\\/\"]}]},{\"@type\":\"ImageObject\",\"inLanguage\":\"fr-FR\",\"@id\":\"https:\\\/\\\/www.cafelicita.com\\\/fr\\\/territorio\\\/como\\\/#primaryimage\",\"url\":\"https:\\\/\\\/www.cafelicita.com\\\/wp-content\\\/uploads\\\/2021\\\/10\\\/como.jpg\",\"contentUrl\":\"https:\\\/\\\/www.cafelicita.com\\\/wp-content\\\/uploads\\\/2021\\\/10\\\/como.jpg\",\"width\":1500,\"height\":1125,\"caption\":\"Santa Maria Assunta Roman Catholic cathedral church in Como, Italy\"},{\"@type\":\"BreadcrumbList\",\"@id\":\"https:\\\/\\\/www.cafelicita.com\\\/fr\\\/territorio\\\/como\\\/#breadcrumb\",\"itemListElement\":[{\"@type\":\"ListItem\",\"position\":1,\"name\":\"Home\",\"item\":\"https:\\\/\\\/www.cafelicita.com\\\/fr\\\/\"},{\"@type\":\"ListItem\",\"position\":2,\"name\":\"Territorio\",\"item\":\"https:\\\/\\\/www.cafelicita.com\\\/territorio\\\/\"},{\"@type\":\"ListItem\",\"position\":3,\"name\":\"Como\"}]},{\"@type\":\"WebSite\",\"@id\":\"https:\\\/\\\/www.cafelicita.com\\\/#website\",\"url\":\"https:\\\/\\\/www.cafelicita.com\\\/\",\"name\":\"Cafelicita\",\"description\":\"Residence, casa vacanze sul lago di como\",\"potentialAction\":[{\"@type\":\"SearchAction\",\"target\":{\"@type\":\"EntryPoint\",\"urlTemplate\":\"https:\\\/\\\/www.cafelicita.com\\\/?s={search_term_string}\"},\"query-input\":{\"@type\":\"PropertyValueSpecification\",\"valueRequired\":true,\"valueName\":\"search_term_string\"}}],\"inLanguage\":\"fr-FR\"}]}<\/script>\n<!-- \/ Yoast SEO plugin. -->","yoast_head_json":{"title":"Como - Cafelicita Residence, casa vacanze sul lago di como","robots":{"index":"index","follow":"follow","max-snippet":"max-snippet:-1","max-image-preview":"max-image-preview:large","max-video-preview":"max-video-preview:-1"},"canonical":"https:\/\/www.cafelicita.com\/fr\/territorio\/como\/","og_locale":"fr_FR","og_type":"article","og_title":"Como - Cafelicita Residence, casa vacanze sul lago di como","og_description":"La citt\u00e0 di Como, una delle pi\u00f9 note della Lombardia, abbraccia la [&hellip;]","og_url":"https:\/\/www.cafelicita.com\/fr\/territorio\/como\/","og_site_name":"Cafelicita","article_modified_time":"2024-03-22T09:59:53+00:00","og_image":[{"width":1500,"height":1125,"url":"https:\/\/www.cafelicita.com\/wp-content\/uploads\/2021\/10\/como.jpg","type":"image\/jpeg"}],"twitter_card":"summary_large_image","twitter_misc":{"Dur\u00e9e de lecture estim\u00e9e":"1 minute"},"schema":{"@context":"https:\/\/schema.org","@graph":[{"@type":"WebPage","@id":"https:\/\/www.cafelicita.com\/fr\/territorio\/como\/","url":"https:\/\/www.cafelicita.com\/fr\/territorio\/como\/","name":"Como - Cafelicita Residence, casa vacanze sul lago di como","isPartOf":{"@id":"https:\/\/www.cafelicita.com\/#website"},"primaryImageOfPage":{"@id":"https:\/\/www.cafelicita.com\/fr\/territorio\/como\/#primaryimage"},"image":{"@id":"https:\/\/www.cafelicita.com\/fr\/territorio\/como\/#primaryimage"},"thumbnailUrl":"https:\/\/www.cafelicita.com\/wp-content\/uploads\/2021\/10\/como.jpg","datePublished":"2021-10-20T09:23:12+00:00","dateModified":"2024-03-22T09:59:53+00:00","breadcrumb":{"@id":"https:\/\/www.cafelicita.com\/fr\/territorio\/como\/#breadcrumb"},"inLanguage":"fr-FR","potentialAction":[{"@type":"ReadAction","target":["https:\/\/www.cafelicita.com\/fr\/territorio\/como\/"]}]},{"@type":"ImageObject","inLanguage":"fr-FR","@id":"https:\/\/www.cafelicita.com\/fr\/territorio\/como\/#primaryimage","url":"https:\/\/www.cafelicita.com\/wp-content\/uploads\/2021\/10\/como.jpg","contentUrl":"https:\/\/www.cafelicita.com\/wp-content\/uploads\/2021\/10\/como.jpg","width":1500,"height":1125,"caption":"Santa Maria Assunta Roman Catholic cathedral church in Como, Italy"},{"@type":"BreadcrumbList","@id":"https:\/\/www.cafelicita.com\/fr\/territorio\/como\/#breadcrumb","itemListElement":[{"@type":"ListItem","position":1,"name":"Home","item":"https:\/\/www.cafelicita.com\/fr\/"},{"@type":"ListItem","position":2,"name":"Territorio","item":"https:\/\/www.cafelicita.com\/territorio\/"},{"@type":"ListItem","position":3,"name":"Como"}]},{"@type":"WebSite","@id":"https:\/\/www.cafelicita.com\/#website","url":"https:\/\/www.cafelicita.com\/","name":"Cafelicita","description":"Residence, casa vacanze sul lago di como","potentialAction":[{"@type":"SearchAction","target":{"@type":"EntryPoint","urlTemplate":"https:\/\/www.cafelicita.com\/?s={search_term_string}"},"query-input":{"@type":"PropertyValueSpecification","valueRequired":true,"valueName":"search_term_string"}}],"inLanguage":"fr-FR"}]}},"_links":{"self":[{"href":"https:\/\/www.cafelicita.com\/fr\/wp-json\/wp\/v2\/territorio\/5957","targetHints":{"allow":["GET"]}}],"collection":[{"href":"https:\/\/www.cafelicita.com\/fr\/wp-json\/wp\/v2\/territorio"}],"about":[{"href":"https:\/\/www.cafelicita.com\/fr\/wp-json\/wp\/v2\/types\/territorio"}],"wp:featuredmedia":[{"embeddable":true,"href":"https:\/\/www.cafelicita.com\/fr\/wp-json\/wp\/v2\/media\/273"}],"wp:attachment":[{"href":"https:\/\/www.cafelicita.com\/fr\/wp-json\/wp\/v2\/media?parent=5957"}],"wp:term":[{"taxonomy":"tipologia","embeddable":true,"href":"https:\/\/www.cafelicita.com\/fr\/wp-json\/wp\/v2\/tipologia?post=5957"}],"curies":[{"name":"wp","href":"https:\/\/api.w.org\/{rel}","templated":true}]}}

<p>La città di Como, una delle più note della Lombardia, abbraccia la conca del Lago ed è famosa per l&rsquo;industria della seta. Circondata da antiche mura medioevali ben conservate, la città è arricchita da numerosi monumenti, ricordi di epoche passate, oggi in armonia tra loro. Como è perfetta per lo shopping, per la visita a mostre in famose ville sul Lago o semplicemente per passeggiate indimenticabili sul lungolago.</p>

<!-- This site is optimized with the Yoast SEO plugin v27.4 - https://yoast.com/product/yoast-seo-wordpress/ -->
<title>Como - Cafelicita Residence, casa vacanze sul lago di como</title>
<meta name="robots" content="index, follow, max-snippet:-1, max-image-preview:large, max-video-preview:-1" />
<link rel="canonical" href="https://www.cafelicita.com/fr/territorio/como/" />
<meta property="og:locale" content="fr_FR" />
<meta property="og:type" content="article" />
<meta property="og:title" content="Como - Cafelicita Residence, casa vacanze sul lago di como" />
<meta property="og:description" content="La città di Como, una delle più note della Lombardia, abbraccia la [&hellip;]" />
<meta property="og:url" content="https://www.cafelicita.com/fr/territorio/como/" />
<meta property="og:site_name" content="Cafelicita" />
<meta property="article:modified_time" content="2024-03-22T09:59:53+00:00" />
<meta property="og:image" content="https://www.cafelicita.com/wp-content/uploads/2021/10/como.jpg" />
	<meta property="og:image:width" content="1500" />
	<meta property="og:image:height" content="1125" />
	<meta property="og:image:type" content="image/jpeg" />
<meta name="twitter:card" content="summary_large_image" />
<meta name="twitter:label1" content="Durée de lecture estimée" />
	<meta name="twitter:data1" content="1 minute" />
<script type="application/ld+json" class="yoast-schema-graph">{"@context":"https:\/\/schema.org","@graph":[{"@type":"WebPage","@id":"https:\/\/www.cafelicita.com\/fr\/territorio\/como\/","url":"https:\/\/www.cafelicita.com\/fr\/territorio\/como\/","name":"Como - Cafelicita Residence, casa vacanze sul lago di como","isPartOf":{"@id":"https:\/\/www.cafelicita.com\/#website"},"primaryImageOfPage":{"@id":"https:\/\/www.cafelicita.com\/fr\/territorio\/como\/#primaryimage"},"image":{"@id":"https:\/\/www.cafelicita.com\/fr\/territorio\/como\/#primaryimage"},"thumbnailUrl":"https:\/\/www.cafelicita.com\/wp-content\/uploads\/2021\/10\/como.jpg","datePublished":"2021-10-20T09:23:12+00:00","dateModified":"2024-03-22T09:59:53+00:00","breadcrumb":{"@id":"https:\/\/www.cafelicita.com\/fr\/territorio\/como\/#breadcrumb"},"inLanguage":"fr-FR","potentialAction":[{"@type":"ReadAction","target":["https:\/\/www.cafelicita.com\/fr\/territorio\/como\/"]}]},{"@type":"ImageObject","inLanguage":"fr-FR","@id":"https:\/\/www.cafelicita.com\/fr\/territorio\/como\/#primaryimage","url":"https:\/\/www.cafelicita.com\/wp-content\/uploads\/2021\/10\/como.jpg","contentUrl":"https:\/\/www.cafelicita.com\/wp-content\/uploads\/2021\/10\/como.jpg","width":1500,"height":1125,"caption":"Santa Maria Assunta Roman Catholic cathedral church in Como, Italy"},{"@type":"BreadcrumbList","@id":"https:\/\/www.cafelicita.com\/fr\/territorio\/como\/#breadcrumb","itemListElement":[{"@type":"ListItem","position":1,"name":"Home","item":"https:\/\/www.cafelicita.com\/fr\/"},{"@type":"ListItem","position":2,"name":"Territorio","item":"https:\/\/www.cafelicita.com\/territorio\/"},{"@type":"ListItem","position":3,"name":"Como"}]},{"@type":"WebSite","@id":"https:\/\/www.cafelicita.com\/#website","url":"https:\/\/www.cafelicita.com\/","name":"Cafelicita","description":"Residence, casa vacanze sul lago di como","potentialAction":[{"@type":"SearchAction","target":{"@type":"EntryPoint","urlTemplate":"https:\/\/www.cafelicita.com\/?s={search_term_string}"},"query-input":{"@type":"PropertyValueSpecification","valueRequired":true,"valueName":"search_term_string"}}],"inLanguage":"fr-FR"}]}</script>
<!-- / Yoast SEO plugin. -->

La città di Como, una delle più note della Lombardia, abbraccia la [&hellip;]
