{"id":6128,"date":"2026-03-20T10:09:31","date_gmt":"2026-03-20T09:09:31","guid":{"rendered":"https:\/\/www.cafelicita.com\/?post_type=offerte&#038;p=6128"},"modified":"2026-04-08T16:52:52","modified_gmt":"2026-04-08T14:52:52","slug":"cafelicita-hat-am-28-maerz-2026-wieder-geoeffnet","status":"publish","type":"offerte","link":"https:\/\/www.cafelicita.com\/de\/angebote\/cafelicita-hat-am-28-maerz-2026-wieder-geoeffnet\/","title":{"rendered":"CaFelicita hat am 28. M\u00e4rz 2026 wieder ge\u00f6ffnet"},"content":{"rendered":"<p>W\u00e4hlen Sie Ihr Lieblingsapartment und genie\u00dfen Sie den Fr\u00fchling am Comer See mit einem\u00a0<strong>exklusiven Rabatt von 10 %<\/strong>.<\/p>\n<p>\ud83c\udf38 Entspannung, Natur und die Magie unseres Gartens mit Seeblick erwarten Sie<br \/>\n\u2728 Die besten Optionen f\u00fcr alle, die fr\u00fch buchen<\/p>\n<p><strong>Angebot g\u00fcltig f\u00fcr alle Buchungen bis zum 30. April 2026<\/strong>, f\u00fcr Aufenthalte bis zum 30. Juni 2026.<\/p>\n<p>\ud83d\udc49 Buchen Sie jetzt direkt auf\u00a0<a href=\"http:\/\/www.cafelicita.com\/de\/\">www.CaFelicita.com<\/a><br \/>\n\ud83d\udd11 Geben Sie den Code\u00a0<strong>Early<\/strong>\u00a0im Feld \u201eRabattcode\u201c ein<\/p>\n<p><em>Dieses Angebot ist nicht mit dem Newsletter-Rabatt kombinierbar.<\/em><\/p>\n","protected":false},"featured_media":395,"parent":0,"menu_order":0,"template":"","class_list":["post-6128","offerte","type-offerte","status-publish","has-post-thumbnail","hentry"],"acf":[],"yoast_head":"<!-- This site is optimized with the Yoast SEO plugin v27.4 - https:\/\/yoast.com\/product\/yoast-seo-wordpress\/ -->\n<title>CaFelicita hat am 28. M\u00e4rz 2026 wieder ge\u00f6ffnet - Cafelicita<\/title>\n<meta name=\"robots\" content=\"index, follow, max-snippet:-1, max-image-preview:large, max-video-preview:-1\" \/>\n<link rel=\"canonical\" href=\"https:\/\/www.cafelicita.com\/de\/angebote\/cafelicita-hat-am-28-maerz-2026-wieder-geoeffnet\/\" \/>\n<meta property=\"og:locale\" content=\"de_DE\" \/>\n<meta property=\"og:type\" content=\"article\" \/>\n<meta property=\"og:title\" content=\"CaFelicita hat am 28. M\u00e4rz 2026 wieder ge\u00f6ffnet - Cafelicita\" \/>\n<meta property=\"og:description\" content=\"W\u00e4hlen Sie Ihr Lieblingsapartment und genie\u00dfen Sie den Fr\u00fchling am Comer See [&hellip;]\" \/>\n<meta property=\"og:url\" content=\"https:\/\/www.cafelicita.com\/de\/angebote\/cafelicita-hat-am-28-maerz-2026-wieder-geoeffnet\/\" \/>\n<meta property=\"og:site_name\" content=\"Cafelicita\" \/>\n<meta property=\"article:modified_time\" content=\"2026-04-08T14:52:52+00:00\" \/>\n<meta property=\"og:image\" content=\"https:\/\/www.cafelicita.com\/wp-content\/uploads\/2021\/11\/ca-felicita-esterno-piscina.jpg\" \/>\n\t<meta property=\"og:image:width\" content=\"1500\" \/>\n\t<meta property=\"og:image:height\" content=\"1000\" \/>\n\t<meta property=\"og:image:type\" content=\"image\/jpeg\" \/>\n<meta name=\"twitter:card\" content=\"summary_large_image\" \/>\n<meta name=\"twitter:label1\" content=\"Gesch\u00e4tzte Lesezeit\" \/>\n\t<meta name=\"twitter:data1\" content=\"1\u00a0Minute\" \/>\n<script type=\"application\/ld+json\" class=\"yoast-schema-graph\">{\"@context\":\"https:\\\/\\\/schema.org\",\"@graph\":[{\"@type\":\"WebPage\",\"@id\":\"https:\\\/\\\/www.cafelicita.com\\\/de\\\/angebote\\\/cafelicita-hat-am-28-maerz-2026-wieder-geoeffnet\\\/\",\"url\":\"https:\\\/\\\/www.cafelicita.com\\\/de\\\/angebote\\\/cafelicita-hat-am-28-maerz-2026-wieder-geoeffnet\\\/\",\"name\":\"CaFelicita hat am 28. M\u00e4rz 2026 wieder ge\u00f6ffnet - Cafelicita\",\"isPartOf\":{\"@id\":\"https:\\\/\\\/www.cafelicita.com\\\/#website\"},\"primaryImageOfPage\":{\"@id\":\"https:\\\/\\\/www.cafelicita.com\\\/de\\\/angebote\\\/cafelicita-hat-am-28-maerz-2026-wieder-geoeffnet\\\/#primaryimage\"},\"image\":{\"@id\":\"https:\\\/\\\/www.cafelicita.com\\\/de\\\/angebote\\\/cafelicita-hat-am-28-maerz-2026-wieder-geoeffnet\\\/#primaryimage\"},\"thumbnailUrl\":\"https:\\\/\\\/www.cafelicita.com\\\/wp-content\\\/uploads\\\/2021\\\/11\\\/ca-felicita-esterno-piscina.jpg\",\"datePublished\":\"2026-03-20T09:09:31+00:00\",\"dateModified\":\"2026-04-08T14:52:52+00:00\",\"breadcrumb\":{\"@id\":\"https:\\\/\\\/www.cafelicita.com\\\/de\\\/angebote\\\/cafelicita-hat-am-28-maerz-2026-wieder-geoeffnet\\\/#breadcrumb\"},\"inLanguage\":\"de\",\"potentialAction\":[{\"@type\":\"ReadAction\",\"target\":[\"https:\\\/\\\/www.cafelicita.com\\\/de\\\/angebote\\\/cafelicita-hat-am-28-maerz-2026-wieder-geoeffnet\\\/\"]}]},{\"@type\":\"ImageObject\",\"inLanguage\":\"de\",\"@id\":\"https:\\\/\\\/www.cafelicita.com\\\/de\\\/angebote\\\/cafelicita-hat-am-28-maerz-2026-wieder-geoeffnet\\\/#primaryimage\",\"url\":\"https:\\\/\\\/www.cafelicita.com\\\/wp-content\\\/uploads\\\/2021\\\/11\\\/ca-felicita-esterno-piscina.jpg\",\"contentUrl\":\"https:\\\/\\\/www.cafelicita.com\\\/wp-content\\\/uploads\\\/2021\\\/11\\\/ca-felicita-esterno-piscina.jpg\",\"width\":1500,\"height\":1000},{\"@type\":\"BreadcrumbList\",\"@id\":\"https:\\\/\\\/www.cafelicita.com\\\/de\\\/angebote\\\/cafelicita-hat-am-28-maerz-2026-wieder-geoeffnet\\\/#breadcrumb\",\"itemListElement\":[{\"@type\":\"ListItem\",\"position\":1,\"name\":\"Home\",\"item\":\"https:\\\/\\\/www.cafelicita.com\\\/de\\\/\"},{\"@type\":\"ListItem\",\"position\":2,\"name\":\"Offerte\",\"item\":\"https:\\\/\\\/www.cafelicita.com\\\/offerte\\\/\"},{\"@type\":\"ListItem\",\"position\":3,\"name\":\"CaFelicita hat am 28. M\u00e4rz 2026 wieder ge\u00f6ffnet\"}]},{\"@type\":\"WebSite\",\"@id\":\"https:\\\/\\\/www.cafelicita.com\\\/#website\",\"url\":\"https:\\\/\\\/www.cafelicita.com\\\/\",\"name\":\"Cafelicita\",\"description\":\"Residence, casa vacanze sul lago di como\",\"potentialAction\":[{\"@type\":\"SearchAction\",\"target\":{\"@type\":\"EntryPoint\",\"urlTemplate\":\"https:\\\/\\\/www.cafelicita.com\\\/?s={search_term_string}\"},\"query-input\":{\"@type\":\"PropertyValueSpecification\",\"valueRequired\":true,\"valueName\":\"search_term_string\"}}],\"inLanguage\":\"de\"}]}<\/script>\n<!-- \/ Yoast SEO plugin. -->","yoast_head_json":{"title":"CaFelicita hat am 28. M\u00e4rz 2026 wieder ge\u00f6ffnet - Cafelicita","robots":{"index":"index","follow":"follow","max-snippet":"max-snippet:-1","max-image-preview":"max-image-preview:large","max-video-preview":"max-video-preview:-1"},"canonical":"https:\/\/www.cafelicita.com\/de\/angebote\/cafelicita-hat-am-28-maerz-2026-wieder-geoeffnet\/","og_locale":"de_DE","og_type":"article","og_title":"CaFelicita hat am 28. M\u00e4rz 2026 wieder ge\u00f6ffnet - Cafelicita","og_description":"W\u00e4hlen Sie Ihr Lieblingsapartment und genie\u00dfen Sie den Fr\u00fchling am Comer See [&hellip;]","og_url":"https:\/\/www.cafelicita.com\/de\/angebote\/cafelicita-hat-am-28-maerz-2026-wieder-geoeffnet\/","og_site_name":"Cafelicita","article_modified_time":"2026-04-08T14:52:52+00:00","og_image":[{"width":1500,"height":1000,"url":"https:\/\/www.cafelicita.com\/wp-content\/uploads\/2021\/11\/ca-felicita-esterno-piscina.jpg","type":"image\/jpeg"}],"twitter_card":"summary_large_image","twitter_misc":{"Gesch\u00e4tzte Lesezeit":"1\u00a0Minute"},"schema":{"@context":"https:\/\/schema.org","@graph":[{"@type":"WebPage","@id":"https:\/\/www.cafelicita.com\/de\/angebote\/cafelicita-hat-am-28-maerz-2026-wieder-geoeffnet\/","url":"https:\/\/www.cafelicita.com\/de\/angebote\/cafelicita-hat-am-28-maerz-2026-wieder-geoeffnet\/","name":"CaFelicita hat am 28. M\u00e4rz 2026 wieder ge\u00f6ffnet - Cafelicita","isPartOf":{"@id":"https:\/\/www.cafelicita.com\/#website"},"primaryImageOfPage":{"@id":"https:\/\/www.cafelicita.com\/de\/angebote\/cafelicita-hat-am-28-maerz-2026-wieder-geoeffnet\/#primaryimage"},"image":{"@id":"https:\/\/www.cafelicita.com\/de\/angebote\/cafelicita-hat-am-28-maerz-2026-wieder-geoeffnet\/#primaryimage"},"thumbnailUrl":"https:\/\/www.cafelicita.com\/wp-content\/uploads\/2021\/11\/ca-felicita-esterno-piscina.jpg","datePublished":"2026-03-20T09:09:31+00:00","dateModified":"2026-04-08T14:52:52+00:00","breadcrumb":{"@id":"https:\/\/www.cafelicita.com\/de\/angebote\/cafelicita-hat-am-28-maerz-2026-wieder-geoeffnet\/#breadcrumb"},"inLanguage":"de","potentialAction":[{"@type":"ReadAction","target":["https:\/\/www.cafelicita.com\/de\/angebote\/cafelicita-hat-am-28-maerz-2026-wieder-geoeffnet\/"]}]},{"@type":"ImageObject","inLanguage":"de","@id":"https:\/\/www.cafelicita.com\/de\/angebote\/cafelicita-hat-am-28-maerz-2026-wieder-geoeffnet\/#primaryimage","url":"https:\/\/www.cafelicita.com\/wp-content\/uploads\/2021\/11\/ca-felicita-esterno-piscina.jpg","contentUrl":"https:\/\/www.cafelicita.com\/wp-content\/uploads\/2021\/11\/ca-felicita-esterno-piscina.jpg","width":1500,"height":1000},{"@type":"BreadcrumbList","@id":"https:\/\/www.cafelicita.com\/de\/angebote\/cafelicita-hat-am-28-maerz-2026-wieder-geoeffnet\/#breadcrumb","itemListElement":[{"@type":"ListItem","position":1,"name":"Home","item":"https:\/\/www.cafelicita.com\/de\/"},{"@type":"ListItem","position":2,"name":"Offerte","item":"https:\/\/www.cafelicita.com\/offerte\/"},{"@type":"ListItem","position":3,"name":"CaFelicita hat am 28. M\u00e4rz 2026 wieder ge\u00f6ffnet"}]},{"@type":"WebSite","@id":"https:\/\/www.cafelicita.com\/#website","url":"https:\/\/www.cafelicita.com\/","name":"Cafelicita","description":"Residence, casa vacanze sul lago di como","potentialAction":[{"@type":"SearchAction","target":{"@type":"EntryPoint","urlTemplate":"https:\/\/www.cafelicita.com\/?s={search_term_string}"},"query-input":{"@type":"PropertyValueSpecification","valueRequired":true,"valueName":"search_term_string"}}],"inLanguage":"de"}]}},"_links":{"self":[{"href":"https:\/\/www.cafelicita.com\/de\/wp-json\/wp\/v2\/offerte\/6128","targetHints":{"allow":["GET"]}}],"collection":[{"href":"https:\/\/www.cafelicita.com\/de\/wp-json\/wp\/v2\/offerte"}],"about":[{"href":"https:\/\/www.cafelicita.com\/de\/wp-json\/wp\/v2\/types\/offerte"}],"wp:featuredmedia":[{"embeddable":true,"href":"https:\/\/www.cafelicita.com\/de\/wp-json\/wp\/v2\/media\/395"}],"wp:attachment":[{"href":"https:\/\/www.cafelicita.com\/de\/wp-json\/wp\/v2\/media?parent=6128"}],"curies":[{"name":"wp","href":"https:\/\/api.w.org\/{rel}","templated":true}]}}

CaFelicita hat am 28. März 2026 wieder geöffnet

<p>Wählen Sie Ihr Lieblingsapartment und genießen Sie den Frühling am Comer See mit einem <strong>exklusiven Rabatt von 10 %</strong>.</p>
<p>🌸 Entspannung, Natur und die Magie unseres Gartens mit Seeblick erwarten Sie<br />
✨ Die besten Optionen für alle, die früh buchen</p>
<p><strong>Angebot gültig für alle Buchungen bis zum 30. April 2026</strong>, für Aufenthalte bis zum 30. Juni 2026.</p>
<p>👉 Buchen Sie jetzt direkt auf <a href="http://www.cafelicita.com/de/">www.CaFelicita.com</a><br />
🔑 Geben Sie den Code <strong>Early</strong> im Feld „Rabattcode“ ein</p>
<p><em>Dieses Angebot ist nicht mit dem Newsletter-Rabatt kombinierbar.</em></p>

<!-- This site is optimized with the Yoast SEO plugin v27.4 - https://yoast.com/product/yoast-seo-wordpress/ -->
<title>CaFelicita hat am 28. März 2026 wieder geöffnet - Cafelicita</title>
<meta name="robots" content="index, follow, max-snippet:-1, max-image-preview:large, max-video-preview:-1" />
<link rel="canonical" href="https://www.cafelicita.com/de/angebote/cafelicita-hat-am-28-maerz-2026-wieder-geoeffnet/" />
<meta property="og:locale" content="de_DE" />
<meta property="og:type" content="article" />
<meta property="og:title" content="CaFelicita hat am 28. März 2026 wieder geöffnet - Cafelicita" />
<meta property="og:description" content="Wählen Sie Ihr Lieblingsapartment und genießen Sie den Frühling am Comer See [&hellip;]" />
<meta property="og:url" content="https://www.cafelicita.com/de/angebote/cafelicita-hat-am-28-maerz-2026-wieder-geoeffnet/" />
<meta property="og:site_name" content="Cafelicita" />
<meta property="article:modified_time" content="2026-04-08T14:52:52+00:00" />
<meta property="og:image" content="https://www.cafelicita.com/wp-content/uploads/2021/11/ca-felicita-esterno-piscina.jpg" />
	<meta property="og:image:width" content="1500" />
	<meta property="og:image:height" content="1000" />
	<meta property="og:image:type" content="image/jpeg" />
<meta name="twitter:card" content="summary_large_image" />
<meta name="twitter:label1" content="Geschätzte Lesezeit" />
	<meta name="twitter:data1" content="1 Minute" />
<script type="application/ld+json" class="yoast-schema-graph">{"@context":"https:\/\/schema.org","@graph":[{"@type":"WebPage","@id":"https:\/\/www.cafelicita.com\/de\/angebote\/cafelicita-hat-am-28-maerz-2026-wieder-geoeffnet\/","url":"https:\/\/www.cafelicita.com\/de\/angebote\/cafelicita-hat-am-28-maerz-2026-wieder-geoeffnet\/","name":"CaFelicita hat am 28. März 2026 wieder geöffnet - Cafelicita","isPartOf":{"@id":"https:\/\/www.cafelicita.com\/#website"},"primaryImageOfPage":{"@id":"https:\/\/www.cafelicita.com\/de\/angebote\/cafelicita-hat-am-28-maerz-2026-wieder-geoeffnet\/#primaryimage"},"image":{"@id":"https:\/\/www.cafelicita.com\/de\/angebote\/cafelicita-hat-am-28-maerz-2026-wieder-geoeffnet\/#primaryimage"},"thumbnailUrl":"https:\/\/www.cafelicita.com\/wp-content\/uploads\/2021\/11\/ca-felicita-esterno-piscina.jpg","datePublished":"2026-03-20T09:09:31+00:00","dateModified":"2026-04-08T14:52:52+00:00","breadcrumb":{"@id":"https:\/\/www.cafelicita.com\/de\/angebote\/cafelicita-hat-am-28-maerz-2026-wieder-geoeffnet\/#breadcrumb"},"inLanguage":"de","potentialAction":[{"@type":"ReadAction","target":["https:\/\/www.cafelicita.com\/de\/angebote\/cafelicita-hat-am-28-maerz-2026-wieder-geoeffnet\/"]}]},{"@type":"ImageObject","inLanguage":"de","@id":"https:\/\/www.cafelicita.com\/de\/angebote\/cafelicita-hat-am-28-maerz-2026-wieder-geoeffnet\/#primaryimage","url":"https:\/\/www.cafelicita.com\/wp-content\/uploads\/2021\/11\/ca-felicita-esterno-piscina.jpg","contentUrl":"https:\/\/www.cafelicita.com\/wp-content\/uploads\/2021\/11\/ca-felicita-esterno-piscina.jpg","width":1500,"height":1000},{"@type":"BreadcrumbList","@id":"https:\/\/www.cafelicita.com\/de\/angebote\/cafelicita-hat-am-28-maerz-2026-wieder-geoeffnet\/#breadcrumb","itemListElement":[{"@type":"ListItem","position":1,"name":"Home","item":"https:\/\/www.cafelicita.com\/de\/"},{"@type":"ListItem","position":2,"name":"Offerte","item":"https:\/\/www.cafelicita.com\/offerte\/"},{"@type":"ListItem","position":3,"name":"CaFelicita hat am 28. März 2026 wieder geöffnet"}]},{"@type":"WebSite","@id":"https:\/\/www.cafelicita.com\/#website","url":"https:\/\/www.cafelicita.com\/","name":"Cafelicita","description":"Residence, casa vacanze sul lago di como","potentialAction":[{"@type":"SearchAction","target":{"@type":"EntryPoint","urlTemplate":"https:\/\/www.cafelicita.com\/?s={search_term_string}"},"query-input":{"@type":"PropertyValueSpecification","valueRequired":true,"valueName":"search_term_string"}}],"inLanguage":"de"}]}</script>
<!-- / Yoast SEO plugin. -->

CaFelicita hat am 28. März 2026 wieder geöffnet - Cafelicita

Wählen Sie Ihr Lieblingsapartment und genießen Sie den Frühling am Comer See [&hellip;]
